-15. Calculate the remainder when n(o) is divided by 14.
12
Let k(q) = 2 + 3*q + 4*q - 15*q**2 - 6*q. Let i be k(2). Let y = -13 - i. What is the remainder when y is divided by 23?
20
Let y(t) = -t**3. Let p(v) = -2*v**3. Let j(z) = 2*p(z) - 5*y(z). Let f be j(0). Suppose -2*x + 8 + 18 = f. What is the remainder when 24 is divided by x?
11
Let u(b) = 9*b + 346. Calculate the remainder when u(11) is divided by 4.
1
Let o = 44 - 146. Let r = o - -185. What is the remainder when r is divided by 25 - (-3 + 2 + (1 - 3))?
27
Let z be 1/5*(-15)/(-3). Suppose i + 1 + z = 0. What is the remainder when (-4)/16*6*i is divided by 2?
1
Let u be 42/(2/(8/6)). Let y = -38 + u. Let p(f) = -f**3 - 11*f**2 - 12*f - 6. What is the remainder when 54 is divided by p(y)?
12
What is the remainder when 1020 is divided by 8/92 + 2137/23?
90
Let x(f) = -1 + 4 + 5*f + 5*f - 5*f. What is the remainder when x(6) is divided by 7?
5
Let y(p) = 32*p**2 - 5*p + 4. Calculate the remainder when y(3) is divided by 14.
11
Let m(t) = t**2 + 3*t - 25. Let w be m(-7). Suppose 5*k = 4*i - 307, -2*i + w*k + 50 + 103 = 0. What is the remainder when i is divided by 10?
8
Let f = 329 - 26. Calculate the remainder when f is divided by 38.
37
Suppose -2*q = 3*q - 3*r, 3*q + 3*r = 24. Let z(d) = -15*d**2 - d**3 + 11 - 2*d - 15*d + q*d. Calculate the remainder when 41 is divided by z(-14).
8
Let j(t) = -2*t**3 - 14*t**2 + t + 75. Calculate the remainder when j(-8) is divided by 66.
63
Let z be (-2 + 17)*(-1 - (1 + -1)). Let p = -14 - z. What is the remainder when 3 is divided by p?
0
Let f = 22 - 22. Suppose b + 4 = 2*p, 2*b + 2 = -f*b + p. Suppose -2*y + b*y = -226. What is the remainder when y is divided by 29?
26
Suppose 513*y - 505*y = 2456. Calculate the remainder when y is divided by 158.
149
Suppose 2 = -k + 6. Suppose -k*t - 36 = p - 128, 0 = -5*p + 2*t + 526. Suppose -5*c + c + p = 0. Calculate the remainder when 50 is divided by c.
24
Suppose 2*q + 3*c = 5*c + 194, -5*q - 4*c = -440. Calculate the remainder when q is divided by (-2)/(-5)*(-1330)/(-28).
16
Suppose -3*g + 2 = -16. Calculate the remainder when ((-2)/(-3))/(7/231) is divided by g.
4
Let j(s) = s - 6. Let f be j(8). Suppose -4*u + f*m + 150 = 4*m, u = 2*m + 35. Suppose -50 = w - 6*w. Calculate the remainder when u is divided by w.
7
Let i(v) = v**2 - 144*v + 14. Let d = 153 - 57. Calculate the remainder when d is divided by i(0).
12
Let u(s) = 10*s + 191. Calculate the remainder when 61 is divided by u(-16).
30
Suppose 0 = 3*d - 5*t - 51 - 1, -3*d - 4*t = -88. Suppose 4*x + 84 - d = 0. Calculate the remainder when 23 is divided by (1 - 4)/(x/25).
3
Suppose 5*x - j = 2*x - 10, 5*x + 30 = -5*j. Let d(b) = -12*b - 9. What is the remainder when d(x) is divided by 14?
11
Suppose -18*o = -203 - 103. What is the remainder when 61 is divided by o?
10
What is the remainder when 2216/14 + 1 + (-154)/539 is divided by 27?
24
Let j = -1360 + 1443. Calculate the remainder when j is divided by 11.
6
Suppose -24 = 3*k - 99. Suppose -5*d - k = 0, 2*b - 5*d - 185 = -6*d. What is the remainder when b is divided by 32?
31
Let y(i) = -i**2 + 6*i + 3. Let g(z) = -z**2 + 15*z - 25. Calculate the remainder when g(8) is divided by y(5).
7
Let h(y) = 8*y**2 - 25*y + 6. What is the remainder when h(4) is divided by 1?
0
Suppose 6*n - 281 = 3*n - t, 115 = n - 5*t. Suppose 0*i + n = 5*i. What is the remainder when 37 is divided by i?
18
What is the remainder when 23 is divided by (-7)/(-2) - (7 - (-90)/(-12))?
3
Let z = -13 - -32. Suppose 3*x - 2*w = 35, 0 = 2*x - w + 2*w - 21. Calculate the remainder when z is divided by x.
8
Let f(x) = x**2 + 2*x + 3. Let o = 22 - 17. Let w = 8 - o. What is the remainder when f(-3) is divided by w?
0
Let t = -2 - 8. Let w = t - -38. What is the remainder when w is divided by 11?
6
Suppose -36*w = -65*w + 203. What is the remainder when 173/9 - 6/27 is divided by w?
5
Let g(k) = -k**2 + 3*k + 3. Let d be g(4). Calculate the remainder when 41 is divided by (-90)/(-8) + d/4.
8
Let m(z) = 24*z - 199. Let j(x) = x - 1. Let c be j(2). Let f = 9 + c. Calculate the remainder when m(9) is divided by f.
7
Let f = -11 + 53. What is the remainder when f is divided by (1 + -3)*33/(-6)?
9
Suppose -2*f + 29 = -c + 26, -2*c = -5*f + 11. Suppose 55 = 4*o - 5. Calculate the remainder when o is divided by c.
1
Suppose 4227 = 2*g + 2*g - 5*t, -4237 = -4*g - 5*t. What is the remainder when g is divided by 18?
14
Suppose 5*y - 3*y + 9 = -3*v, -2*y = 4*v + 12. Suppose 3*w - 141 = -y*w. Calculate the remainder when w is divided by 12.
11
Let u(f) = 14*f**3 + 5*f**2 - 7*f + 1. What is the remainder when 44 is divided by u(1)?
5
What is the remainder when (0 + 1149/6)*(8 - 6) is divided by 16?
15
Let l(d) = -8*d**2 - 9*d + 1. Let n be l(7). Calculate the remainder when (-8)/12 - n/6 is divided by 26.
23
Suppose -i - 4 + 1 = 0. What is the remainder when 29 is divided by -2 - (-15 + (-6 - i))?
13
Suppose 2*v + 43 = 3*x, 6*v - 8 = -3*x + v. Let n(o) = 2*o - 29. Let m be n(13). Let z = 16 - m. Calculate the remainder when z is divided by x.
8
Let p = 36 + -26. Suppose a - 13 = -0*a. Let k = a - p. What is the remainder when k is divided by 2?
1
Let w = -764 + 844. What is the remainder when w is divided by 29?
22
Let s(q) = -9*q + 219. Calculate the remainder when s(14) is divided by 47.
46
Let s(b) = 2*b - 7. Let u be s(5). Suppose -5*z = -c + 15, -u*c - z = -18 + 5. What is the remainder when (2*-1)/(-2) - -11 is divided by c?
2
Suppose -1045*x - 620 = -1047*x. What is the remainder when x is divided by 13?
11
Suppose a + 2*a + 12 = 0. What is the remainder when 17 is divided by a/(2 - 3) + 1?
2
Suppose 4*s - 2*b - 12 = 0, -s = 6*b - 3*b - 17. Suppose 16 = 3*x + 2*q, -q = -6*q - s. What is the remainder when 27 is divided by (-7)/(-3)*(-3 + x)?
6
Suppose 0*b = -2*g + 2*b + 18, 0 = -4*g + 3*b + 37. Suppose 3*i - 107 = -2*o, 3*i + 0*i - 127 = 2*o. Calculate the remainder when i is divided by g.
9
Let c(k) be the second derivative of -k**5/10 + k**4/12 - k**2 + 5*k. Let o(l) = l**3 + 5*l**2 + l - 2. Calculate the remainder when c(-2) is divided by o(-4).
8
Let t be (20/25)/(-2)*5. Let c(w) = 4*w**2 + 2*w - 1. Calculate the remainder when 43 is divided by c(t).
10
Suppose 2*n = 4*n - r - 3, -3*r - 3 = -4*n. Suppose 4*h = -n*j + 4*j - 14, 3*j = 2*h + 72. Let v = 165 + -64. Calculate the remainder when v is divided by j.
23
Let l = 443 + -217. Let s = l - 99. What is the remainder when s is divided by 13?
10
Suppose f - 4*j = 3*f - 8, 2*f = -j + 8. Suppose 0 = -f*t - 2*s + 196, 3*t - 3*s - s - 169 = 0. Calculate the remainder when t is divided by 18.
15
Let h(m) = 3*m + 17. Let r be h(-5). Suppose 5*o - 3 = -r*v, -3*o = -6*o - 15. Calculate the remainder when 54 is divided by v.
12
Suppose -2*n + 32 = 2*n. Let o be 6*((-78)/9)/(-2). Let c = o + -4. Calculate the remainder when c is divided by n.
6
What is the remainder when 14 is divided by 35/15 + (-8)/6?
0
Suppose -8*i + 1272 = -2*i. Let g = i + -118. Calculate the remainder when g is divided by 24.
22
Let x(s) = 4*s - 18. Let m be x(8). Let f = m + -14. Suppose f = o + 1 - 19. What is the remainder when 52 is divided by o?
16
Let t = 478 - 467. Let y = 100 - 60. Calculate the remainder when y is divided by t.
7
Calculate the remainder when (102/(-24) - 1)*-16 is divided by 29.
26
Let y(c) = -4*c + 97. Calculate the remainder when y(10) is divided by 10.
7
Let c = -24 + 26. Suppose -c*o = o - 174. Calculate the remainder when o is divided by 12.
10
Let k be 52/(-10) - 4/(-20). Let r(d) = -7. Let y(o) = o. Let t(c) = -r(c) - 2*y(c). Calculate the remainder when 32 is divided by t(k).
15
Let m be -1 - (-4 + 1 + -1771). What is the remainder when ((-3)/(-2))/(1/74) is divided by 2/(-14) + m/63?
27
Suppose 11*k + 9 = 14*k + 2*u, -4*k = -3*u - 29. Let n = 38 - 19. What is the remainder when n is divided by k?
4
Let d(p) = -2*p**3 + 2*p**2 + 6*p - 7. What is the remainder when d(-3) is divided by (-2)/4*-6 - -3?
5
Suppose 2*x - 9 = -x - j, 4*x - 13 = -j. Suppose -3*f = 54 - 6. Let z(k) = -k - 3. Calculate the remainder when z(f) is divided by x.
1
Suppose -5*v + 1100 = 375. Suppose 0 = 24*k - 29*k + v. Calculate the remainder when k is divided by 15.
14
Suppose 0 = 5*q + 5, 4*h + 5*q = 46 + 9.